 - 4, 10 = -2*g - 3*h. Let n = 0 - g. Is n prime?
True
Let z = -308 - -1263. Is z prime?
False
Let u(d) = -d + 8. Let b be u(4). Suppose -3*t + 2*t - 5*h = 5, -b*t - 3*h = -48. Is t a composite number?
True
Let p be 2/(-10) + (-130)/(-25). Suppose p = -5*m - 0. Is ((-5)/4)/(m/8) a composite number?
True
Let x(j) = 2*j - 69 - 12*j**2 + 94*j**2 + 76. Is x(-3) prime?
True
Let c(j) = -5*j + 4*j**2 + 4*j**3 + j - 3*j - 3*j**3 - 4. Let u be c(-5). Suppose k = 27 + u. Is k prime?
False
Let v(o) = o - 6. Let n be v(8). Suppose 20 = 4*i - 7*t + 2*t, n*i + 5*t = 10. Let f(d) = -d**3 + 5*d**2 + 3*d - 4. Is f(i) composite?
False
Let t(j) = -7*j**2 - j - 2. Let b(l) = 28*l**2 + 5*l + 8. Let g(z) = -2*b(z) - 9*t(z). Is g(3) a prime number?
False
Suppose -16633 = -5*c + 4*s, c + 2*s - 1773 = 1562. Is c prime?
True
Suppose 3*s - 2897 = -4*n, -s - n - n + 965 = 0. Is s a composite number?
False
Is (232/10)/((-22)/(-55)) composite?
True
Let x(p) = p**2 + 4*p - 8. Suppose c - 3 = -9. Let y be x(c). Suppose -y*j + 4*v = -568, 3*j + 5*v = -0*j + 418. Is j a prime number?
False
Is -251*(2 + 1 - 4) prime?
True
Let x be (3 - 1)/(4/6). Suppose 4*p - 7*p + 12 = 0. Suppose -2*k + 0*h - h + 80 = 0, -p*h = x*k - 125. Is k prime?
False
Suppose u = -5*g + 3298, -2*g + 3*u = 2*g - 2646. Suppose -3*s + g = s. Let d = s - 80. Is d a composite number?
True
Let o = -1191 - -16148. Is o a composite number?
False
Suppose 0 = -4*o + 2*i - 26, -5*i + 9 + 0 = -2*o. Is ((-37)/2)/(o/14) prime?
True
Suppose 2*w = -n + 405, -2*w = -n + 207 + 202. Is n composite?
True
Let n(c) = c - 2. Let b(t) = -t**3 + 7*t**2 + t - 9. Let d be b(7). Let j be n(d). Let r(s) = s**3 + 5*s**2 - 3*s + 5. Is r(j) a composite number?
True
Suppose -9*m - 18140 = -13*m. Is m prime?
False
Let d = -13 - -92. Is d a prime number?
True
Suppose -317 = 3*l - 986. Is l a prime number?
True
Let h(r) = -26*r - 8. Let u be h(-6). Suppose -c - u = -5*c. Is c composite?
False
Let b = 21 + -4. Suppose -b = -3*v + 1. Is (62/v)/(2/6) composite?
False
Is 9/((-180)/(-1688))*5 a composite number?
True
Let t(l) = 418*l - 1. Is t(4) a composite number?
True
Suppose -5*n + 44 - 9 = 4*v, 5*n - 4*v = -5. Let y be ((-2)/(-4))/(n/18). Is ((-212)/12)/((-1)/y) a composite number?
False
Let o(l) = -3*l**3 - 1. Let a(z) = z**3 + z**2 + 1. Let h be a(0). Let j be o(h). Is (-1 - j)*44/6 composite?
True
Is -2 - -4 - 16*-11 composite?
True
Suppose 3*s - 2*s + 1 = 0. Is s/2 - (-945)/6 a prime number?
True
Suppose q - 95 = v, -q = v + 2*v - 91. Is q prime?
False
Let n(b) be the third derivative of -b**6/120 + b**5/30 - b**4/24 + 7*b**3/6 + 2*b**2. Is n(-5) prime?
False
Let v(g) = g**3 + 6*g**2 + 3*g - 5. Let q be v(-5). Is 139 - (q + -3) - -2 composite?
False
Let o = -1 - 0. Let y(m) = -92*m - 1. Is y(o) a prime number?
False
Let w be 1/((2 - -2)/188). Suppose w = v + 2*f, -v + 161 = 2*v - 4*f. Is v a prime number?
False
Let p be (-4)/22 + 5024/44. Suppose -2*h - 5*y = h - p, -3*h - 4*y = -117. Is h a prime number?
True
Suppose -4*h - 5*j = -20, -5*h + 4*j = j - 25. Let p be (1 + 0)/(2/346). Suppose 0 = -h*k + p + 782. Is k a composite number?
False
Let g(t) = 99*t**3 - 3*t**2 + 4*t + 1. Is g(2) a composite number?
True
Suppose -4*z + 10 + 10 = 0. Suppose z*v = -0*v + 20. Suppose -v*r + o = -5*r + 33, -2*o = -4. Is r prime?
True
Suppose -3*b = b - 32. Let h(i) = -i**3 + 9*i**2 - 9*i + 8. Let c be h(b). Suppose 0 = -c*q - 2*q + 50. Is q prime?
False
Suppose 2*u = 5*u - 3441. Let q = u - 1644. Let v = q + 720. Is v a prime number?
True
Let x(u) = 24*u**2 + 3*u - 7. Is x(4) a composite number?
False
Suppose -7*p + 3159 = -2980. Is p prime?
True
Let b(j) = j**2 + 7*j + 1. Let s(r) = r**2 - r - 8. Let o be s(0). Let i be b(o). Is (-39)/(-2)*30/i prime?
False
Let s be (-3108)/33 - (-4)/22. Let d = 1 - s. Let g = -42 + d. Is g prime?
True
Let l(m) = -m**2 - 3*m + 1. Let v be l(-4). Let b be 4/(-10) + v/5. Is ((-1)/2)/(b/74) prime?
True
Is (-1434)/(-4) + 10/20 a composite number?
False
Suppose 5*p + 4*i = 2467, 2*i = -p + 3*p - 976. Is p a composite number?
False
Let f be 2/4*6 + 0. Let k = f - 0. Suppose -2*x + 3*i + 503 = 0, -x - 2*x + k*i + 762 = 0. Is x composite?
True
Let g(l) = l**2 - 8*l - 22. Is g(13) composite?
False
Let n = 143 + -246. Let z = -60 - n. Is z prime?
True
Suppose -t + 754 = i + 2*i, -i - 5*t = -242. Let x = -107 + i. Is x prime?
False
Suppose -1379 = -3*x + 382. Is x a prime number?
True
Suppose 5*c - 3282 = 413. Is c composite?
False
Suppose -4*v = -2 - 10, k + 4*v = 14. Suppose k = -d + 4. Suppose d*m - 662 = -0*m. Is m composite?
False
Let j = 10 + 63. Suppose 91 = 3*c - 2*t, -5*c + j = -5*t - 72. Is c a prime number?
False
Let c(a) = -a - 2. Let v be c(-4). Let r(q) = 0*q**2 + 2*q - 1 - 2*q**v + 24*q**3 + 14*q**3. Is r(1) composite?
False
Suppose 5*a - 41 - 69 = 0. Let f be (-6)/15 - a/(-5). Let x(m) = 3*m**2 + 3*m - 3. Is x(f) prime?
False
Let w be 9/(-6)*(-16)/12. Is ((-119)/(-2))/(w/4) prime?
False
Let f(i) = -i**3 + 21*i**2 + 19*i - 29. Is f(20) a composite number?
False
Suppose -2*l - 2074 = -5*n + n, 2099 = 4*n + 3*l. Is n composite?
False
Let w = -887 - -1269. Suppose x = 3*x - w. Is x a composite number?
False
Let c(j) = -6*j**2 + 3*j. Let s be c(4). Let n = s - -120. Suppose -4*o + 5*r + n = 0, 2*o + 4*r + 20 = 3*o. Is o composite?
True
Let n(q) = -q**3 - 2*q**2 + 5*q - 1. Let w be n(-4). Let c = w - -10. Is c a prime number?
False
Suppose 1 = -5*z + 4*f, -2*z + 19 = -z + 4*f. Let w(h) be the first derivative of h**3 + 3*h**2/2 - 3*h + 2. Is w(z) composite?
True
Let w = -285 - -592. Is w prime?
True
Suppose 2*a = 2*t - 0*a - 1316, 3*a = 5*t - 3298. Is t a composite number?
True
Let h(l) be the third derivative of l**5/30 + l**4/3 - 5*l**3/6 + 3*l**2. Is h(7) a composite number?
False
Let y = -9 + 15. Let a(w) = -w**2 + 13*w - 1. Let l be a(y). Suppose 4*q - 107 = l. Is q a prime number?
True
Suppose 4*a - 2*t = 4284, a - 2*t = -6*t + 1089. Is a a prime number?
False
Let w(y) = 23*y**2 - 10*y + 16. Is w(-7) composite?
False
Let m(d) be the first derivative of -11*d**2/2 - d - 6. Is m(-2) a composite number?
True
Suppose 3*j + 6 = 0, 5*j + 6 + 12 = -4*y. Let p be -2 + 3 - y/2. Suppose -7 = -3*w + p*w. Is w a prime number?
True
Let l = 6387 + -2398. Is l composite?
False
Is (-27314)/(-126) + 2/9 prime?
False
Let j be (-176 + -5)*5/5. Suppose 4*r + 240 = -200. Let x = r - j. Is x prime?
True
Let v be (-6 + 1)*(-3)/3. Suppose 0 = -o - 5*z - 13, v = o + 3*o + z. Is 0 - (-32 - (-2)/o) composite?
False
Let m(u) = -29*u**2 + 4*u + 2. Let g be m(-5). Let j = 1122 + g. Is j prime?
True
Let r = 36 + -54. Suppose -4*b - 8 = 2*g + 154, -5*b + g = 206. Let m = r - b. Is m prime?
True
Let b(g) = 843*g + 2. Is b(3) a prime number?
True
Let a = 7 + 1. Suppose q + 0 = -5*v + 4, -5*q - a = -3*v. Is q*(-3)/((-6)/(-212)) a composite number?
True
Let v = -461 - -969. Suppose 977 = 2*b + 3*p, -2*b + v = -4*p - 462. Is b composite?
False
Suppose 0 = -5*g + 2 + 8. Suppose -17 = -2*s - h + 22, -s + 5*h = -14. Suppose l - g*l = -s. Is l a composite number?
False
Let i = -1 - -3. Suppose i*t + 18 = 5*t. Is t composite?
True
Suppose 0 = -2*a + 80 + 72. Let l = a - 50. Is l a prime number?
False
Suppose 3*z + 256 = -278. Let w = 719 + z. Is w prime?
True
Let d = 53 - 38. Suppose 0 = 5*s - d. Suppose 0 = -5*l + 4*j - 6*j + 71, -s*l = j - 43. Is l a composite number?
True
Let p = 4 - 6. Let q be (p/(-5))/((-5)/(-50)). Suppose 0 = -f + q*f - 201. Is f a prime number?
True
Suppose 3*o - 2*o = -5*m + 57, -4*o + 4*m + 132 = 0. Is o a composite number?
False
Suppose 1 = -5*s - n + 12, 3*n + 15 = s. Suppose 5*k - 48 + 10 = p, p = -s. Suppose -4*m = -z - 148, -k = -m - 3*z + 30. Is m a prime number?
True
Is 22/30*129 + 2/5 composite?
True
Suppose 0 = 2*f - 6760 - 4822. Is f composite?
False
Suppose -4*h + 3*w = -8*h + 1206, 2*h - 616 = 5*w. Is h a prime number?
False
Let y(o) = 2*o**3 + 3*o**2 - o - 17. Is y(7) a prime number?
True
Let b(l) be the second derivative of l**5/20 - 5*l**4/12 + l**3/2 + 3*l**2/2 - l. Let k be b(3). Let n(v) = -9*v - 8. Is n(k) a prime number?
False
Let t(k) = 5*k + 10. Let v be t(-4). Let w(s) = s**3 + 11*s**2 + 9 + s**2 + 11*s + 3*s. Is w(v) composite?
True
Is -1 + -3 + 4 + 97 composite?
False
Let w(u) = -u + 1. Let s(m) =